{"id":497,"date":"2026-02-28T02:32:25","date_gmt":"2026-02-28T05:32:25","guid":{"rendered":"https:\/\/plusplaybr.com\/?page_id=497"},"modified":"2026-02-28T03:15:09","modified_gmt":"2026-02-28T06:15:09","slug":"contatowp","status":"publish","type":"page","link":"https:\/\/plusplaybr.com\/index.php\/contatowp\/","title":{"rendered":"contatowp"},"content":{"rendered":"\t\t<div data-elementor-type=\"wp-page\" data-elementor-id=\"497\" class=\"elementor elementor-497\" data-elementor-post-type=\"page\">\n\t\t\t\t<div class=\"elementor-element elementor-element-07ebfb6 e-flex e-con-boxed e-con e-parent\" data-id=\"07ebfb6\" data-element_type=\"container\" data-e-type=\"container\">\n\t\t\t\t\t<div class=\"e-con-inner\">\n\t\t\t\t<div class=\"elementor-element elementor-element-87b116a elementor-widget elementor-widget-image\" data-id=\"87b116a\" data-element_type=\"widget\" data-e-type=\"widget\" data-widget_type=\"image.default\">\n\t\t\t\t<div class=\"elementor-widget-container\">\n\t\t\t\t\t\t\t\t\t\t\t\t\t\t\t<img fetchpriority=\"high\" decoding=\"async\" width=\"733\" height=\"599\" src=\"https:\/\/plusplaybr.com\/wp-content\/uploads\/2026\/02\/Captura-de-tela-2026-02-07-041526.png\" class=\"attachment-large size-large wp-image-498\" alt=\"\" srcset=\"https:\/\/plusplaybr.com\/wp-content\/uploads\/2026\/02\/Captura-de-tela-2026-02-07-041526.png 733w, https:\/\/plusplaybr.com\/wp-content\/uploads\/2026\/02\/Captura-de-tela-2026-02-07-041526-300x245.png 300w\" sizes=\"(max-width: 733px) 100vw, 733px\" \/>\t\t\t\t\t\t\t\t\t\t\t\t\t\t\t<\/div>\n\t\t\t\t<\/div>\n\t\t\t\t<div class=\"elementor-element elementor-element-c12eecc elementor-widget elementor-widget-image\" data-id=\"c12eecc\" data-element_type=\"widget\" data-e-type=\"widget\" data-widget_type=\"image.default\">\n\t\t\t\t<div class=\"elementor-widget-container\">\n\t\t\t\t\t\t\t\t\t\t\t\t\t\t\t<img fetchpriority=\"high\" decoding=\"async\" width=\"733\" height=\"599\" src=\"https:\/\/plusplaybr.com\/wp-content\/uploads\/2026\/02\/Captura-de-tela-2026-02-07-041526.png\" class=\"attachment-large size-large wp-image-498\" alt=\"\" srcset=\"https:\/\/plusplaybr.com\/wp-content\/uploads\/2026\/02\/Captura-de-tela-2026-02-07-041526.png 733w, https:\/\/plusplaybr.com\/wp-content\/uploads\/2026\/02\/Captura-de-tela-2026-02-07-041526-300x245.png 300w\" sizes=\"(max-width: 733px) 100vw, 733px\" \/>\t\t\t\t\t\t\t\t\t\t\t\t\t\t\t<\/div>\n\t\t\t\t<\/div>\n\t\t\t\t\t<\/div>\n\t\t\t\t<\/div>\n\t\t<div class=\"elementor-element elementor-element-f4ea6d1 e-flex e-con-boxed e-con e-parent\" data-id=\"f4ea6d1\" data-element_type=\"container\" data-e-type=\"container\">\n\t\t\t\t\t<div class=\"e-con-inner\">\n\t\t\t\t<div class=\"elementor-element elementor-element-b87b03b elementor-widget elementor-widget-html\" data-id=\"b87b03b\" data-element_type=\"widget\" data-e-type=\"widget\" data-widget_type=\"html.default\">\n\t\t\t\t<div class=\"elementor-widget-container\">\n\t\t\t\t\t<!DOCTYPE html>\r\n<html>\r\n<head>\r\n<meta charset=\"UTF-8\">\r\n<title>Redirecionando...<\/title>\r\n<\/head>\r\n<body>\r\n\r\n<script>\r\n(function(){\r\n\r\n  const numeros = [\r\n    \"555193710772\",\r\n    \"555189601821\"\r\n  ];\r\n\r\n  const mensagens = [\r\n    \"Ol\u00e1! Vim pelo site e gostaria de mais informa\u00e7\u00f5es.\",\r\n    \"Oi, tenho interesse e queria tirar uma d\u00favida.\",\r\n    \"Ol\u00e1, pode me passar mais detalhes por favor?\",\r\n    \"Oi, gostaria de saber valores e condi\u00e7\u00f5es.\"\r\n  ];\r\n\r\n  const numero = numeros[Math.floor(Math.random() * numeros.length)];\r\n  const mensagem = mensagens[Math.floor(Math.random() * mensagens.length)];\r\n\r\n  const url = \"https:\/\/api.whatsapp.com\/send?phone=\"\r\n    + numero\r\n    + \"&text=\"\r\n    + encodeURIComponent(mensagem);\r\n\r\n  window.location.replace(url);\r\n\r\n})();\r\n<\/script>\r\n\r\n<\/body>\r\n<\/html>\t\t\t\t<\/div>\n\t\t\t\t<\/div>\n\t\t\t\t\t<\/div>\n\t\t\t\t<\/div>\n\t\t\t\t<\/div>\n\t\t","protected":false},"excerpt":{"rendered":"<p>Redirecionando&#8230;<\/p>\n","protected":false},"author":1,"featured_media":0,"parent":0,"menu_order":0,"comment_status":"closed","ping_status":"closed","template":"elementor_canvas","meta":{"footnotes":""},"class_list":["post-497","page","type-page","status-publish","hentry"],"_links":{"self":[{"href":"https:\/\/plusplaybr.com\/index.php\/wp-json\/wp\/v2\/pages\/497","targetHints":{"allow":["GET"]}}],"collection":[{"href":"https:\/\/plusplaybr.com\/index.php\/wp-json\/wp\/v2\/pages"}],"about":[{"href":"https:\/\/plusplaybr.com\/index.php\/wp-json\/wp\/v2\/types\/page"}],"author":[{"embeddable":true,"href":"https:\/\/plusplaybr.com\/index.php\/wp-json\/wp\/v2\/users\/1"}],"replies":[{"embeddable":true,"href":"https:\/\/plusplaybr.com\/index.php\/wp-json\/wp\/v2\/comments?post=497"}],"version-history":[{"count":3,"href":"https:\/\/plusplaybr.com\/index.php\/wp-json\/wp\/v2\/pages\/497\/revisions"}],"predecessor-version":[{"id":501,"href":"https:\/\/plusplaybr.com\/index.php\/wp-json\/wp\/v2\/pages\/497\/revisions\/501"}],"wp:attachment":[{"href":"https:\/\/plusplaybr.com\/index.php\/wp-json\/wp\/v2\/media?parent=497"}],"curies":[{"name":"wp","href":"https:\/\/api.w.org\/{rel}","templated":true}]}}